. What is n(-76)?
-13
Let b(j) = -j**2 + 1170*j + 661. Determine b(0).
661
Let x(b) = -151*b**3 - 2*b**2 - 295*b - 293. Calculate x(-1).
151
Let c(j) = 8*j**3 - 117*j**2 - 337*j + 13. Give c(-3).
-245
Let r(h) = 2*h**3 + 127*h**2 + 431*h + 652. Determine r(-60).
-8
Let q(x) = 74*x**2 - 439*x - 3006. What is q(10)?
4
Let t(j) = 5660*j + 2858305. Determine t(-505).
5
Let z(u) = -2*u**3 + 49*u**2 - 257*u + 2307. What is z(21)?
-3
Let q(z) = -232*z**2 - 10396*z + 2012. Calculate q(-45).
32
Let b(l) = 155*l**3 - 4*l**2 - 10*l + 39. Calculate b(2).
1243
Let o(d) = -6*d**2 - 4259*d + 2970650. Determine o(-1143).
-7
Let r(v) = 1114*v - 366510. Calculate r(329).
-4
Let q(o) = -4*o**3 + 10*o**2 + 33*o - 1. Determine q(-4).
283
Let q(h) = 3*h**2 - 1164*h - 240044. What is q(537)?
-5
Let i(g) = -269*g**2 + 149*g - 897. What is i(5)?
-6877
Let s(p) = -3*p**3 - 33*p**2 - 414*p - 1635. Determine s(-5).
-15
Let i(k) = -10860*k - 151809. Give i(-14).
231
Let l(k) = -2*k**2 + 109*k + 3991. Determine l(-27).
-410
Let o(m) = -27*m**3 - 2373*m**2 + 277*m + 224. What is o(-88)?
-920
Let q(u) = 3*u**2 + 12638*u - 63182. Determine q(5).
83
Let v(h) = -6990*h - 29314. Calculate v(-4).
-1354
Let h(b) = -12732*b + 38333. What is h(3)?
137
Let n(h) = 163*h**2 - 3380*h - 14. Calculate n(21).
889
Let z(d) = -8*d**2 + 186*d - 1575. What is z(9)?
-549
Let i(b) = 2*b**3 + 390*b**2 - 813*b - 4940. What is i(-197)?
-15
Let b(m) = -11*m**2 - 3989*m - 22139. Give b(-357).
-5
Let b(i) = -i**2 + 146408*i - 439232. What is b(3)?
-17
Let m(j) = -5800*j - 34805. Calculate m(-6).
-5
Let q(t) = -t**2 + 124*t + 4351. Give q(152).
95
Let c(n) = -2*n**2 + 225*n - 2856. Calculate c(96).
312
Let g(m) = 2*m**2 + 59540*m - 238168. What is g(4)?
24
Let x(r) = -3*r**3 + 331*r**2 - 1663*r - 7. What is x(5)?
-422
Let q(a) = 5*a**3 - 44*a**2 + 31*a + 317. Determine q(6).
-1
Let u(o) = 2*o**2 + 9787*o - 484354. Calculate u(49).
11
Let o(p) = -2*p**3 - 17*p**2 - 1586*p - 16141. Determine o(-10).
19
Let r(z) = 21*z**2 - 8905*z + 169700. Give r(20).
0
Let c(w) = w**3 - 261*w**2 - 692*w - 26397. Give c(264).
3
Let s(a) = -2759*a**2 - 16574*a - 112. Determine s(-6).
8
Let j(u) = -6*u**3 - 22*u**2 - 79*u + 2. Give j(-3).
203
Let y(m) = 11*m**2 - 1009*m + 9941. What is y(10)?
951
Let z(n) = -309900*n + 929716. What is z(3)?
16
Let x(y) = 28*y**2 + 1412*y - 7840. What is x(5)?
-80
Let g(c) = -3456*c + 3350. What is g(1)?
-106
Let x(m) = 3*m**2 + 203*m + 3498. Determine x(-28).
166
Let x(g) = 89*g**2 - 167*g - 257. What is x(-1)?
-1
Let y(q) = -1713879*q + 6855493. What is y(4)?
-23
Let z(o) = 186*o**2 - 2082*o + 277. Give z(11).
-119
Let b(a) = -a**2 - 32*a + 10095. Calculate b(-120).
-465
Let r(v) = -39826*v - 1035475. Calculate r(-26).
1
Let c(u) = u**3 - 102*u**2 + 275*u - 39157. Determine c(103).
-223
Let f(i) = 7*i**3 + 5362*i**2 - 10751*i + 763. What is f(-768)?
-5
Let q(a) = 1479*a + 103297. Calculate q(-71).
-1712
Let n(j) = -150*j**2 - 3*j + 77. Determine n(3).
-1282
Let i(c) = 5*c**2 + 145269*c - 435844. Calculate i(3).
8
Let a(n) = -3*n**3 - 63*n**2 + 596*n - 74. Calculate a(7).
-18
Let t(x) = 2359*x + 2554810. Calculate t(-1083).
13
Let w(i) = -432827*i + 3462613. Determine w(8).
-3
Let y(h) = -100*h**2 - 1661*h - 2421. Give y(-15).
-6
Let k(w) = 629*w - 3133. Calculate k(5).
12
Let a(p) = 6*p**2 + 1025*p + 31319. What is a(-131)?
10
Let c(x) = -x**3 - 38*x**2 - 169*x - 1839. Calculate c(-11).
-3247
Let m(g) = 8*g**2 - 188*g + 1010. Give m(14).
-54
Let p(x) = 27*x**2 - 3231*x - 12972. Calculate p(-4).
384
Let c(m) = 6163*m - 43160. Determine c(7).
-19
Let r(s) = -36171*s**2 + 8681040*s + 1. Calculate r(240).
1
Let c(s) = -34*s + 85. Calculate c(5).
-85
Let z(w) = 8161*w - 1999445. Calculate z(245).
0
Let z(f) = f**3 - 110*f**2 - 180*f - 31460. Give z(114).
4
Let o(s) = -8*s**3 + 62*s**2 - 248*s + 34. Give o(4).
-478
Let n(c) = -38*c**2 + 433*c + 77. Give n(11).
242
Let w(q) = -q**3 - 239*q**2 - 531*q - 126905. Calculate w(-239).
4
Let k(g) = -g**2 + 2335881*g + 11679440. Give k(-5).
10
Let x(i) = -4*i**3 - 56*i**2 + 9*i - 53. Calculate x(-14).
-179
Let k(g) = -g**3 - 65*g**2 + 188*g - 1178. What is k(-68)?
-90
Let s(q) = -656*q - 4580. Calculate s(-7).
12
Let m(s) = 151*s**2 + 142*s + 44. What is m(-3)?
977
Let j(k) = 10*k**2 + 663*k + 3500. Give j(-5).
435
Let m(z) = -13086*z + 1151521. Determine m(88).
-47
Let b(x) = x**3 + 69*x**2 - 57*x + 1271. Determine b(-70).
361
Let w(b) = 9*b**3 - 13*b**2 - 40*b + 314. Give w(7).
2484
Let a(v) = 8*v**3 + 1133*v**2 - 424*v + 376. Give a(-142).
92
Let m(w) = 42*w**2 + 97*w + 5. Determine m(4).
1065
Let w(a) = -58*a**2 - 280*a + 863. What is w(3)?
-499
Let s(a) = 874*a**2 + 262199*a - 395. Give s(-300).
-95
Let t(a) = -a**2 - 902*a + 17425. Calculate t(19).
-74
Let n(y) = y**3 - 10*y**2 + 138*y - 349. Give n(3).
2
Let h(p) = p**3 - 36*p**2 - 237*p + 7627. What is h(37)?
227
Let f(s) = s**2 - 1266*s - 937967. Determine f(-524).
-7
Let y(a) = a**3 + 25*a**2 - 31854*a - 511946. Calculate y(-16).
22
Let z(q) = -q**2 + 57*q - 470. Determine z(44).
102
Let u(t) = -13699*t - 2794558. Calculate u(-204).
38
Let r(z) = 4976*z - 10039. Determine r(2).
-87
Let w(s) = -2544682*s + 15268078. Determine w(6).
-14
Let p(m) = -m**2 + 925*m - 162161. Determine p(235).
-11
Let p(j) = -66848*j + 1336974. Calculate p(20).
14
Let w(g) = -9*g**2 - 123*g - 1212. Calculate w(-9).
-834
Let u(i) = 38108*i - 609726. Calculate u(16).
2
Let t(y) = -4*y**2 - 524*y + 14896. Determine t(24).
16
Let w(t) = -2285*t**3 - 8*t**2 - 516*t - 508. What is w(-1)?
2285
Let l(v) = -3886*v + 1612692. What is l(415)?
2
Let b(w) = -23*w**3 + 825*w**2 + 107*w + 60. What is b(36)?
24
Let a(n) = 50542*n + 404172. What is a(-8)?
-164
Let o(i) = -3*i**2 + 240*i + 639. Give o(72).
2367
Let p(q) = -7*q**2 + 91*q - 35. Calculate p(13).
-35
Let f(l) = l**3 - 41*l**2 + 34*l + 2210. Calculate f(39).
494
Let n(v) = -v**3 + 85*v**2 + 69*v + 915. Give n(86).
-547
Let x(m) = m**3 - 18*m**2 - 540*m + 9467. What is x(17)?
-2
Let l(n) = -162*n - 15771. Calculate l(-73).
-3945
Let k(u) = u**3 - 4626*u**2 - 23152*u + 1. What is k(-5)?
-14
Let u(o) = -64019*o - 448132. Calculate u(-7).
1
Let k(o) = 1253*o**2 - 5004*o. Determine k(4).
32
Let p(t) = t**3 + 35*t**2 + 1225*t + 40393. Give p(-34).
-101
Let b(w) = -208*w - 85678. What is b(-413)?
226
Let h(t) = 6617*t - 39709. Give h(6).
-7
Let k(y) = -5760*y + 5762. Calculate k(1).
2
Let n(d) = -d**2 - 43231*d + 216176. What is n(5)?
-4
Let w(m) = 2*m**3 - 247*m + 93. What is w(13)?
1276
Let w(d) = -63835*d - 6383517. Calculate w(-100).
-17
Let z(r) = r**2 - 21312*r + 298170. Calculate z(14).
-2
Let b(x) = 3629*x - 87001. Give b(24).
95
Let n(f) = 108040*f - 540212. Give n(5).
-12
Let y(x) = -8880*x - 301898. What is y(-34)?
22
Let n(p) = -2*p**3 + 4*p**2 - 52*p + 210. What is n(8)?
-974
Let b(t) = 40*t**2 - 137*t - 552. Determine b(-4).
636
Let b(t) = -t**3 + 320*t**2 + 762*t - 37991. Calculate b(322).
5
Let k(v) = -3*v**3 - 102*v**2 - 326*v + 137. Calculate k(-4).
1
Let b(r) = -2250*r + 114701. Calculate b(51).
-49
Let q(o) = -1734*o - 39928. Determine q(-23).
-46
Let n(t) = -54*t**2 - 9944*t - 1475. Determine n(-184).
-3
Let i(s) = 3182*s - 1918736. Determine i(603).
10
Let r(a) = 152677*a + 2442993. Give r(-16).
161
Let x(v) = -182603*v + 1460808. Calculate x(8).
-16
Let l(k) = -953*k**2 + 510*k + 321. Give l(-1).
-1142
Let j(h) = -3*h**2 + 434*h - 1683. Give j(4).
5
Let k(g) = -8046*g**2 + 8122*g + 1. Determine k(1).
77
Let w(n) = -5044*n - 30263. What is w(-6)?
1
Let c(w) = 98*w - 19003. What is c(194)?
9
Let a(l) = -1392*l**2 + 68198*l + 475. Determine a(49).
-15
Let m(d) = -d**3 + 512*d**2 + 1982*d + 311760. What is m(517)?
9
Let d(q) = 4714*q + 787169. Calculate d(-167).
-69
Let l(j) = -1230*j + 492. Calculate l(2).
-1968
Let y(i) = i**3 + 144*i**2 - 119*i + 4158. What is y(-145)?
388
Let g(k) = 2*k**2 - 336*k + 6362. Determine g(146).
-62
Let w(f) = 294*f**2 + 2956*f + 168. Give w(-10).
8
Let n(p) = -269611*p + 5392225. Give n(20).
5
Let o(b) = 91*b - 11072. What is o(118)?
-334
Let z(d) = -d**3 + 453*d**2 + 408*d + 20889. Calculate z(454).
5
Let n(w) = 3*w**3 - 721*w**2 - 476*w - 1371. Calculate n(241).
75
Let h(o) = -8*o**2 - 760*o + 712. Determine h(-93).
2200
